2
In base 10, what is 21 - 10435?
-10414
In base 4, what is -32 + -130112131301?
-130112131333
In base 10, what is 44364 - 8017?
36347
In base 2, what is 100101100111100 - 1100110010000?
11000110101100
In base 15, what is e + -9816d?
-9815e
In base 2, what is 1000 - 1000000110110011001?
-1000000110110010001
In base 5, what is 113420214 - 114?
113420100
In base 14, what is 23bc - 8c?
2330
In base 11, what is -3 + 42833913?
42833910
In base 12, what is 9 + -5728137?
-572812a
In base 2, what is 11110 - 1001010011010001?
-1001010010110011
In base 15, what is -82 + 34878?
347e6
In base 16, what is -cd4a0 - 0?
-cd4a0
In base 2, what is 1001011100100111101111101 - -10?
1001011100100111101111111
In base 15, what is -c5 - -2cd59?
2cc84
In base 8, what is 51020 + -70?
50730
In base 15, what is -1 + -196a586?
-196a587
In base 6, what is -414425131212 + 2?
-414425131210
In base 2, what is 0 - -1111111101110?
1111111101110
In base 12, what is -3137a - -4b?
-3132b
In base 12, what is 142 + -1963a?
-194b8
In base 8, what is -1 - -54070151?
54070150
In base 13, what is -86884 - 182?
-86a36
In base 12, what is -312ba6 - 3?
-312ba9
In base 8, what is 3 - 3316316?
-3316313
In base 12, what is -53ba405 - -41?
-53ba384
In base 2, what is 11 + -1111010101010100101001001?
-1111010101010100101000110
In base 13, what is c014b + 6?
c0154
In base 4, what is 131221213 + 133?
131222012
In base 3, what is -12 + 100012002210101?
100012002210012
In base 16, what is -4a61c3 - -5?
-4a61be
In base 14, what is b141 + 815?
b956
In base 6, what is 5320505324 + -1?
5320505323
In base 14, what is -75dc - 1427?
-8a25
In base 15, what is -2a1828 + -14?
-2a183c
In base 2, what is -110011101110 - 1110100110?
-1000010010100
In base 5, what is -112410121333 + 12?
-112410121321
In base 16, what is -44 - -53fb?
53b7
In base 12, what is -4135aaa - -1?
-4135aa9
In base 12, what is -9 - 6236a48?
-6236a55
In base 11, what is -61 - -214081?
214020
In base 16, what is -4420 - -5f?
-43c1
In base 14, what is 73 - -32d72d?
32d7a2
In base 3, what is 212100011000001201 + -20?
212100011000001111
In base 6, what is -4511504144 - -2?
-4511504142
In base 6, what is -142522001 + -4?
-142522005
In base 14, what is -1480700 - 4?
-1480704
In base 7, what is -20 - 255624424?
-255624444
In base 11, what is 4516 + -3a72?
554
In base 7, what is 450 + -11446625?
-11446145
In base 8, what is 10 + -241114567?
-241114557
In base 8, what is 2 - 173343175?
-173343173
In base 3, what is -102021101200 + -1?
-102021101201
In base 15, what is -1246e4 - 2e7?
-1249db
In base 3, what is -1010 - 2120020210112?
-2120020211122
In base 15, what is -93d9 - 106?
-94e0
In base 10, what is 11987 + 2254?
14241
In base 11, what is 159 + 14675?
14823
In base 11, what is -5 + -3267a818?
-3267a822
In base 11, what is -16 + 424908?
4248a2
In base 11, what is 11026774 - -2?
11026776
In base 6, what is 20031320155 + 2?
20031320201
In base 7, what is 3100 + 34503?
40603
In base 12, what is -2 - 1357634?
-1357636
In base 15, what is ea + -838?
-73d
In base 2, what is 1111010001010001000 - 11111?
1111010001001101001
In base 16, what is 2 - ef8712?
-ef8710
In base 14, what is -3 - 56816c?
-568171
In base 7, what is 115 - 13024516?
-13024401
In base 8, what is 4 - 154661023?
-154661017
In base 3, what is -1201 - 122102210102211?
-122102210111112
In base 16, what is 1 + -bee085?
-bee084
In base 13, what is -280a00 + -5?
-280a05
In base 5, what is 113 - 311224401?
-311224233
In base 11, what is -4a32940 + 20?
-4a32920
In base 5, what is -10332422233 - -3?
-10332422230
In base 4, what is 11 - -12222133130230?
12222133130301
In base 16, what is 795 + -17eeb?
-17756
In base 2, what is -10001000101001111000100101 - -10?
-10001000101001111000100011
In base 14, what is 21b + 43259?
43476
In base 6, what is 153 + -5413?
-5220
In base 3, what is -110122 + -122002120201?
-122010001100
In base 8, what is -6042 + 10475?
2433
In base 4, what is 1000022103 + 13033?
1000101202
In base 7, what is -32620 - -160515?
124565
In base 16, what is 18 - -be6dbd?
be6dd5
In base 16, what is -4 - 36051?
-36055
In base 4, what is -13 + -10220011023?
-10220011102
In base 10, what is 20626145 + 3?
20626148
In base 2, what is -110010101110010 + 10101000?
-110010011001010
In base 16, what is -235a56 - -17?
-235a3f
In base 4, what is 11 + 2002210200?
2002210211
In base 16, what is -1251dd5 - -5?
-1251dd0
In base 11, what is 20663 + 54?
20707
In base 6, what is 4410511203 + 0?
4410511203
In base 14, what is c + 285597?
2855a5
In base 7, what is 1054250240 - 0?
1054250240
In base 6, what is 203 + 1430250?
1430453
In base 4, what is 2332013 - 131011?
2201002
In base 7, what is 332 - 1345001?
-1344336
In base 16, what is -80aad - -1?
-80aac
In base 11, what is -264 - -13362?
130a9
In base 2, what is 100010 - -1010110100010011000?
1010110100010111010
In base 6, what is -415441 - -2014?
-413423
In base 13, what is -5 + -cc96ba?
-cc96c2
In base 8, what is 2 + 56465226?
56465230
In base 15, what is 2083 + 165?
21e8
In base 14, what is -1cd59ab + -3?
-1cd59b0
In base 9, what is -64 - -167480?
167415
In base 4, what is -22300312103 - -3?
-22300312100
In base 9, what is 35 - -4421066?
4421112
In base 15, what is -6cb + 40d2?
3906
In base 13, what is -8 + 2893c35?
2893c2a
In base 13, what is 10 + 164589?
164599
In base 6, what is 1 + -35343044?
-35343043
In base 10, what is 22598 - 1199?
21399
In base 3, what is 200121211222220 + -11?
200121211222202
In base 11, what is -629 - a33?
-1561
In base 9, what is 14836 - -28?
14865
In base 11, what is -2a2319a9 - -3?
-2a2319a6
In base 10, what is -10 - -662981?
662971
In base 14, what is 312 + 6232?
6544
In base 11, what is -26174a7 - 6?
-2617502
In base 8, what is 562 - 3321205?
-3320423
In base 13, what is -c55649c + 3?
-c556499
In base 13, what is b + -9896589?
-989657b
In base 15, what is 9 - 300b8?
-300ae
In base 4, what is -3330211021 + 2?
-3330211013
In base 13, what is 27a + -bc0c?
-b962
In base 2, what is -111111110 + -10000111010011?
-10001111010001
In base 3, what is 101202 + 21022021121?
21022200100
In base 3, what is -122102011101222102 + 12?
-122102011101222020
In base 7, what is -1563642165 + -1?
-1563642166
In base 6, what is -400531124 + 15?
-400531105
In base 11, what is -2498135 + -4?
-2498139
In base 3, what is 201110220000 - -11012?
201111001012
In base 10, what is 27436132 - 4?
27436128
In base 11, what is a - 1441119?
-144110a
In base 16, what is 2 + -18a07a?
-18a078
In base 9, what is 1835 - -38745?
41681
In base 16, what is 5d - 1fa1d?
-1f9c0
In base 7, what is -455263054 + 3?
-455263051
In base 16, what is -11f19 - -239?
-11ce0
In base 12, what is -75b57b - 34?
-75b5b3
In base 13, what is 16333068 - 7?
16333061
In base 4, what is -130030 + 230330?
100300
In base 11, what is -1 - -13835995?
13835994
In base 6, what is 1331332504 + -1?
1331332503
In base 3, what is -121121000111100000 - -10?
-121121000111022220
In base 8, what is 362021277 - 10?
362021267
In base 5, what is 302131314 + -1?
302131313
In base 12, what is 616b9 - 114a?
6056b
In base 4, what is -301 + 23122302122?
23122301221
In base 9, what is -22768068 + -1?
-22768070
In base 4, what is -221213 + 113102?
-102111
In base 8, what is -3346410 + -20?
-3346430
In base 14, what is -483d - -780d?
2db0
In base 11, what is 2 + -29a05?
-29a03
In base 12, what is a02 - -1bba7?
209a9
In base 2, what is 11 + 11110010001110010100000?
11110010001110010100011
In base 10, what is -1 - 3246868?
-3246869
In base 2, what is -100111110110101 - 110010011?
-101000101001000
In base 3, what is -202 + -2100122001220?
-2100122002122
In base 3, what is 100 - 11212021012112?
-11212021012012
In base 5, what is -2140131241 - -2?
-2140131234
In base 16, what is 99af98 - c?
99af8c
In base 9, what is -547587 + 43?
-547544
In base 11, what is 1045 + 27426?
28470
In base 14, what is 2a42 + 1891?
44d3
In base 10, what is 27 + -4419853?
-4419826
In base 3, what is 12211121222210 - -2?
12211121222212
In base 2, what is -10000000111111010 + 1000101000010?
-1111000010111000
In base 11, what is -155958 + -149?
-155aa6
In base 5, what is -22 + -2002240012?
-2002240034
In base 6, what is -2500 - -10351035?
10344135
In base 9, what is 27055654 + -40?
27055614
In base 13, what is -1429 - 4a?
-1476
In